re the prime factors of l?
2, 4391
Suppose -48*u = -73*u + 50. What are the prime factors of (u - (-7 - -14))*2302/(-10)?
1151
Suppose -4*i + 8*i = -2*w + 4, 15 = i - 3*w. Suppose -5*y + 1051 = 306. Suppose -i*s - y = -g, 78 = 4*g - 3*s - 500. List the prime factors of g.
11, 13
Let p(b) = b**3 - 18*b**2 - 43*b + 23. Let o be p(19). Let j = -252 - o. List the prime factors of j.
181
Let b(x) = 48*x + 333. Let y be b(-7). Let k(q) = 56*q**2 - 3*q - 16. What are the prime factors of k(y)?
7, 71
Let s(x) = -x - 5. Let v be s(-12). Suppose v*c - 3*c = -3*y + 217, -5*y + 2*c + 353 = 0. Let h = y + 0. List the prime factors of h.
71
Suppose 0 = -2*t - 8, -5*y - t + 219572 = 6186. What are the prime factors of y?
2, 3, 2371
Let q(f) be the second derivative of -f**4/12 - f**3 + 10*f**2 - 28*f. Let c be q(-11). List the prime factors of (-14)/c*(105*11)/3.
2, 7, 11
What are the prime factors of (73 + -27)*((-1074)/(-4) + -3)?
3, 23, 59
Let h = -912 - -2002. Let i be 7/49 - h/(-14). Let j = 121 - i. List the prime factors of j.
43
Suppose 4*i + b + 4826 = -2*b, 2*b = -3*i - 3619. Let l = i - -705. What are the prime factors of 12/15*(-1)/(8/l)?
2, 5
Let p = -505 + 521. Suppose -25 = -5*c, -4*c + p = -m + 687. List the prime factors of m.
691
Let o be 100/40*2/(-1). Let w be ((-41)/3)/((20/48)/o). Let q = 238 - w. What are the prime factors of q?
2, 37
List the prime factors of (41556/(-6))/((-40)/48*4/35).
3, 7, 3463
Let j = 6507 + 10009. What are the prime factors of j?
2, 4129
Let m be ((-84)/(-35))/((-3)/(-10)). Suppose -m*t - 281 - 111 = 0. Let a = t + 63. What are the prime factors of a?
2, 7
What are the prime factors of (20/(-190))/(54/(-10507779))?
20483
Suppose -25*o + 81046 = 2*y, -2*y + 73758 = 2*o - 7380. What are the prime factors of y?
13, 3121
Suppose -3*r = 5*d - 217141, -d + 289527 = -199*r + 203*r. What are the prime factors of r?
2, 36191
Suppose 10 = 2*l - 5*b, 2*l = -0*l + b + 2. Suppose l = n + 22 - 17, 4*y + 4*n - 3072 = 0. List the prime factors of y.
773
Let m(y) = 49*y**2 + y. Let w be m(1). Let q = 239 - w. What are the prime factors of q?
3, 7
Let b = 74 - 123. What are the prime factors of 1984/14 - 14/b?
2, 71
Suppose 2*z + 37 = z. Let k = z - -31. What are the prime factors of -4 - k - -33*2?
2, 17
Suppose -5 = v - 10. Suppose v*c - 2*c - 654 = -3*i, 4*i = c - 218. What are the prime factors of c?
2, 109
Let o = 130333 - 52526. List the prime factors of o.
29, 2683
Suppose 2*p - 14443 = -j, -61*p + 56*p - 28877 = -2*j. List the prime factors of j.
7, 2063
Let c(v) = -1. Let m(b) = 52*b - 7. Let g(z) = 4*c(z) - m(z). What are the prime factors of g(-5)?
263
Let s = -238 - -413. Suppose -5*d = s - 220. List the prime factors of d.
3
Suppose -21*b + 23*b + 5*v = 717, v - 363 = -b. Suppose 26*l - b = 24*l. List the prime factors of l.
3, 61
Suppose -3*h = 4*l - 6*l + 116, -5*l + 264 = -h. Suppose -50*s - 120 = -l*s. List the prime factors of s.
2, 3, 5
Let z(a) = -a**3 - 7*a**2 + 27*a - 63. What are the prime factors of z(-21)?
2, 3, 7, 11
Suppose 4*j = -k + 81, -1 = j + 4*k - 10. Suppose 0 = -16*q + j*q - 75. Suppose q*t - 14*t = 110. List the prime factors of t.
2, 5, 11
Let n = 513 + -465. Suppose -3*f = -4*w + w - 105, 76 = -2*w - f. Let k = n + w. List the prime factors of k.
11
Suppose 0 = -2*w - 6*s + 30458, 5*w - 90915 + 14808 = 4*s. List the prime factors of w.
13, 1171
Suppose j = -50 + 52. Suppose j*r - 1230 = -s + 344, -r + s = -787. What are the prime factors of r?
787
List the prime factors of (1/2 + -1)*-8 + 13420 + -39.
5, 2677
Let d = 12688 + -1216. What are the prime factors of d?
2, 3, 239
Let d be (30/(-8))/((-3)/1104 - 0). Let h = -939 + d. Suppose -5*o + c = -h, 5*c - 16 = c. List the prime factors of o.
89
Suppose -h - 3*t + 2 = 13, -t - 25 = -5*h. Suppose -12*b + 11*b - l = -165, -5*l = -h*b + 633. List the prime factors of b.
2, 3
Let z be (5 + 18/24*-6)*226. Let f be -2*4/(-10)*5. Suppose z = f*q - 111. List the prime factors of q.
2, 7
Let a(l) = 10*l**3 - 5*l**2 - 8*l + 216. What are the prime factors of a(8)?
2, 619
Suppose -21*w + 54 + 9 = 0. Suppose n + 406 = w*q, 8*q = 11*q - 3*n - 408. List the prime factors of q.
3, 5
Suppose 24308 = 14*d - 3566. Suppose 2*k - 9*r + 4*r = 808, 5*k - d = -2*r. List the prime factors of k.
3, 7, 19
Let q(j) = -j**3 - 2*j**2 + 8*j - 3. Let o be q(-4). What are the prime factors of (-12*(-46)/(-3) + o)/(-1)?
11, 17
Suppose 0 = o - 4*k - 3942, -o - 9134*k + 3942 = -9139*k. What are the prime factors of o?
2, 3, 73
Let a(h) = -h**3 + 12*h + 9. Let v be a(-4). Let i(l) = l**3 - 23*l**2 - 32*l - 127. List the prime factors of i(v).
17, 19
Suppose 12*a - 10*a + 1487 = 3*p, 0 = 4*a - 2*p + 2954. Let u = -276 - a. List the prime factors of u.
2, 5, 23
Let i = -199 - -204. Suppose -5*o = i*h - 990, -4 = -4*h + 4. What are the prime factors of o?
2, 7
Suppose -37630 = -20*p + 228370. List the prime factors of p.
2, 5, 7, 19
Suppose 5*j - 1703 + 613 = 0. Let r be 678/(1 + (-4 - -5)). Let a = r - j. What are the prime factors of a?
11
Let y(b) = 587*b**2 - 219*b - 86. List the prime factors of y(9).
2, 5, 4549
Let k(l) = -71*l + 1035. List the prime factors of k(-80).
5, 17, 79
Suppose -22569 = -5*w - 6*j, 2*w - 5670 = 5*j + 3365. What are the prime factors of w?
3, 5, 7, 43
Suppose -170*m + 1703835 = -1038714 + 115879. List the prime factors of m.
15451
Suppose -9*x = -4*w - 5*x + 240, 5*x - 92 = -2*w. Suppose 0*g = g + 4*h - 4, -3*g = h - w. List the prime factors of g.
2, 5
Let a be 3/(-15) + -6 + (-2921)/(-5). Suppose a = 5*q + 5*b - 1227, 0 = 5*b + 20. List the prime factors of q.
5, 73
Suppose 15 = -9*u - 12. Let y be -9*(-1)/(-4)*4/u. Suppose 2*h - y*r = -66 + 215, 2*r - 401 = -5*h. List the prime factors of h.
79
Suppose p = 4*j + 22609, 204*p = 209*p - 2*j - 113117. List the prime factors of p.
5, 181
Suppose -6 = 2*q - 0*n + 2*n, -5*n + 15 = -q. Let o be ((-24)/4 - q)*122. Let k = o - -148. List the prime factors of k.
2, 13
Let d = 2684 - -114. List the prime factors of d.
2, 1399
Let z(r) = -714*r - 7200. What are the prime factors of z(-91)?
2, 3, 9629
Let r be (1 + -3)*(-50)/4. Suppose r*c - 1391 - 8209 = 0. List the prime factors of c.
2, 3
What are the prime factors of 204/24*4220*((-12)/8)/(-3)?
5, 17, 211
Let c be 158/(-6) + (-176)/(-132). What are the prime factors of (-45)/c*790/3?
2, 3, 79
Suppose 5*y - 3*y - 18 = 0. Suppose y*x + 284 = 10*x. What are the prime factors of x?
2, 71
Let j be -3*(-7)/((-7)/283). Let i = -528 - j. What are the prime factors of i?
3, 107
Let f(b) = -6*b**2 + 312*b - 98. List the prime factors of f(36).
2, 23, 73
Let z = -491 + 547. Let k = -181 - -529. Suppose 4*s = -z + k. What are the prime factors of s?
73
Suppose -m - 34 = -3*m. Let w = 16 + m. Suppose -2*u = -0 - 10, -y = -4*u - w. List the prime factors of y.
53
Let f = -8 + 35. Let w(y) = f*y + 11 - 83*y - 34. List the prime factors of w(-3).
5, 29
Let v(a) be the first derivative of a**3/3 - 2*a**2 + 11*a + 47. What are the prime factors of v(15)?
2, 11
Suppose -17 = 3*f + u, 0 = -4*f - f - 2*u - 30. Let t(s) = 7*s**2 - 2*s + 8. Let n be t(f). Let k = 229 - n. List the prime factors of k.
101
Suppose 10781 = -9*b + 71828. List the prime factors of b.
3, 7, 17, 19
Suppose 31*r - 5800 = -15410. Let u = -232 - r. What are the prime factors of u?
2, 3, 13
Suppose -r - 2*r - 5047 = -5*p, -3026 = -3*p + 4*r. Let b = p - 311. List the prime factors of b.
3, 233
Let g(a) = -29*a - 65. Let m be g(15). Let h = -24 - m. List the prime factors of h.
2, 7, 17
Let m = 38249 + -16786. List the prime factors of m.
13, 127
Suppose 3*n + i = -85, -4*n - 6*i = -i + 95. Let b = -39 - n. Let d(l) = -l**3 - 8*l**2 - 8*l - 31. What are the prime factors of d(b)?
2, 61
Let y(x) = -x**2 + 16*x + 22. Let m be y(15). Let t = -24 + m. Let k(r) = 5*r - 35. What are the prime factors of k(t)?
2, 3, 5
Suppose 584*f + 150071 = 615*f. What are the prime factors of f?
47, 103
Suppose 4*o = -101 + 13. Let n = 30 + o. Suppose n*t - 247 - 297 = 0. List the prime factors of t.
2, 17
Let t(x) = -13840*x - 31. Let g be t(-2). Suppose -30*y + g = 109. List the prime factors of y.
2, 3, 17
Suppose g + 134 = -g. Let r = -58 - g. What are the prime factors of r?
3
Let x(i) = 9302*i**2 + 2*i + 6. List the 